 What is u(145)?
-6
Let d(y) = y**3 - 99*y**2 + 2404*y + 226. Give d(56).
2
Let t(q) = -53*q**3 + 742*q**2 - 4*q + 60. Give t(14).
4
Let q(y) = -5*y**2 + 434*y + 2374. Determine q(92).
-18
Let h(g) = g**2 + 9*g + 24. Give h(-5).
4
Let z(j) = 19*j**2 - 277*j - 87. Give z(15).
33
Let x(h) = -40*h - 84. Calculate x(-5).
116
Let f(t) = -18*t - 162. Give f(9).
-324
Let j(h) = -h**2 - 12*h - 436. Determine j(-21).
-625
Let x(q) = 9*q**3 - 138*q**2 + 46*q - 8. Determine x(15).
7
Let n(g) = 19*g + 466. What is n(-24)?
10
Let k(j) = j**3 - 2*j**2 + 13*j - 7. Determine k(-6).
-373
Let h(y) = -2*y**2 + 30*y + 212. Determine h(20).
12
Let t(w) = -w**3 - 97*w**2 - 89*w + 682. Give t(-96).
10
Let x(w) = w**3 - 13*w**2 + 12*w + 10. Determine x(12).
10
Let v(n) = n**3 - 25*n**2 - 890*n - 450. Determine v(45).
0
Let j(o) = o**2 + 51*o + 312. What is j(-6)?
42
Let p(a) = -a**3 - 8*a**2 - 75*a - 773. What is p(-9)?
-17
Let t(x) = -13*x**2 - 1088*x - 2165. Calculate t(-2).
-41
Let d(q) = 2*q**3 - 10*q**2 - 56*q - 46. Calculate d(-3).
-22
Let o(g) = -g**3 + 9*g**2 + 10*g - 91. Determine o(11).
-223
Let z(n) = -10*n**3 + 261*n**2 - 28*n + 33. Calculate z(26).
-19
Let q(n) = -213*n + 3636. What is q(17)?
15
Let t(p) = p**3 - 11*p**2 - 19*p + 100. Determine t(12).
16
Let f(s) = -3061*s + 36739. Give f(12).
7
Let w(x) = 137*x**2 - 5*x. Calculate w(1).
132
Let s(f) = 5599*f - 33660. Give s(6).
-66
Let i(y) = 34*y - 300. Determine i(7).
-62
Let g(v) = 2*v**2 - 539*v + 3160. Give g(6).
-2
Let b(w) = w**3 - 72*w**2 + 328*w + 43. Calculate b(5).
8
Let v(w) = 158*w - 619. Determine v(3).
-145
Let s(r) = -202*r**2 + 19*r + 40. Give s(-2).
-806
Let s(m) = 3*m**3 + 10*m**2 - 6*m + 56. Give s(-8).
-792
Let t(a) = -52*a**3 + 29*a**2 + 36*a + 1. Calculate t(-1).
46
Let h(i) = -117*i**3 + 39*i**2 + 36*i - 2. Give h(-1).
118
Let n(t) = -1517*t - 39437. Determine n(-26).
5
Let t(b) = b**2 + 28*b + 1. Calculate t(-25).
-74
Let u(j) = j**3 - 38*j**2 - 11*j + 123. Determine u(38).
-295
Let o(d) = 62*d - 14. What is o(1)?
48
Let h(d) = d**2 + 22*d + 125. What is h(-9)?
8
Let c(o) = -5*o**2 + 110. Calculate c(-5).
-15
Let p(l) = l**3 + 42*l**2 + 28*l + 1169. Determine p(-42).
-7
Let m(q) = -10*q**2 - 530*q - 1950. Calculate m(-49).
10
Let o(d) = -40*d - 357. Give o(-9).
3
Let y(d) = 4*d**2 - 101*d - 713. Determine y(-7).
190
Let v(a) = -50*a + 1923. What is v(28)?
523
Let s(c) = 8*c**2 - 26*c + 192. Calculate s(5).
262
Let w(g) = 6*g**2 - 37*g - 65. What is w(8)?
23
Let f(t) = t**2 + 9*t + 4. Give f(-13).
56
Let b(r) = 484*r + 40657. Determine b(-84).
1
Let f(w) = 370*w + 3934. What is f(-10)?
234
Let h(o) = -3*o**3 - 53*o**2 - 11*o + 296. What is h(-17)?
-95
Let r(s) = -298*s + 5342. Give r(18).
-22
Let m(i) = 33*i + 1176. Give m(-27).
285
Let n(j) = -j**3 - 21*j**2 - 51*j + 10. Determine n(-18).
-44
Let f(m) = -5*m**2 - 3*m + 3. What is f(-1)?
1
Let p(c) = 8*c**2 - 105*c + 137. Determine p(11).
-50
Let k(g) = -65*g**3 + 3*g + 3. What is k(-1)?
65
Let k(d) = -42*d - 2695. Determine k(-64).
-7
Let y(u) = u**2 + 16*u - 145. Give y(-24).
47
Let a(x) = -x**3 + 7*x**2 + 88*x - 718. Determine a(11).
-234
Let k(o) = -189*o + 414. Calculate k(2).
36
Let a(h) = 16*h - 115. Determine a(7).
-3
Let c(k) = -18*k**2 - 827*k - 4126. Give c(-5).
-441
Let s(w) = -145*w + 18. Calculate s(0).
18
Let s(k) = 6*k**2 - 126*k + 651. Determine s(9).
3
Let k(w) = w**2 + 26*w + 47. What is k(-13)?
-122
Let k(l) = -19*l + 212. Determine k(13).
-35
Let q(i) = -9*i**2 + 46*i - 8. Calculate q(8).
-216
Let w(o) = -o**3 - 32*o**2 - 106*o + 160. Determine w(-28).
-8
Let x(w) = w**2 - 65*w + 1052. Determine x(35).
2
Let z(f) = -180*f + 84. Determine z(1).
-96
Let c(a) = -5*a**3 - 35*a**2 - 25*a - 9. Calculate c(-6).
-39
Let v(p) = -2178*p + 13059. Calculate v(6).
-9
Let k(t) = t**3 + 15*t**2 - 182*t - 8. Give k(-23).
-54
Let j(b) = 3*b**2 + 29*b - 1079. Give j(15).
31
Let m(w) = -73*w + 1633. Determine m(22).
27
Let i(g) = 270*g - 367. Calculate i(0).
-367
Let b(x) = -x**3 - 23*x**2 - 37*x + 82. What is b(-21)?
-23
Let a(p) = -28*p - 175. What is a(-4)?
-63
Let r(q) = q**2 - 5*q - 1. Calculate r(0).
-1
Let q(g) = 12*g + 26. Determine q(6).
98
Let f(d) = -d**3 + 13*d**2 - d + 12. Calculate f(10).
302
Let n(t) = -12*t**2 + 185*t - 718. Calculate n(8).
-6
Let t(z) = 20*z**3 - 581*z**2 + 27*z + 57. Determine t(29).
-1
Let p(i) = -12*i + 57. Determine p(-4).
105
Let v(c) = 6*c**2 - 98*c - 297. Give v(19).
7
Let u(d) = 57*d + 640. What is u(-10)?
70
Let c(m) = -m**3 + 48*m + 2. Give c(7).
-5
Let y(p) = -p**3 + 2*p**2 + 133*p + 129. Calculate y(13).
-1
Let q(h) = -159*h - 560. Calculate q(-4).
76
Let g(m) = 178*m + 3441. Determine g(-19).
59
Let f(h) = 224*h - 931. Give f(4).
-35
Let q(r) = r**3 + 62*r**2 + 730*r - 280. Give q(-46).
-4
Let m(o) = -o**2 + o + 3. What is m(1)?
3
Let k(o) = -3*o**2 - 99*o - 62. Calculate k(-33).
-62
Let f(c) = 6*c**2 + 134*c - 728. Give f(5).
92
Let w(d) = 92*d**2 + 553*d - 12. What is w(-6)?
-18
Let q(c) = -9*c**2 - 176*c - 1. Give q(-20).
-81
Let c(j) = j**2 - 1236*j + 143783. Give c(130).
3
Let n(h) = -5*h**3 - 45*h**2 + 4*h - 18. Calculate n(-9).
-54
Let k(o) = -32*o + 234. Give k(7).
10
Let g(k) = 6*k**2 - 2*k - 12. What is g(5)?
128
Let f(b) = -b**3 - 24*b**2 - 90*b + 574. Determine f(-11).
-9
Let c(t) = -t**3 + 15*t**2 + 18*t - 93. Calculate c(16).
-61
Let l(q) = 2*q**2 + 1472*q + 5855. Determine l(-4).
-1
Let v(a) = -76*a + 45. Give v(-2).
197
Let z(r) = -2*r**3 - 145*r**2 + 75*r + 45. Give z(-73).
-101
Let w(x) = 5*x**2 + 6*x - 64. Determine w(0).
-64
Let t(n) = -2*n**2 + 71*n - 629. Give t(16).
-5
Let q(m) = -10*m - 664. Determine q(-67).
6
Let y(p) = -p**2 - 173*p - 3950. Determine y(-27).
-8
Let k(x) = x**2 + 38*x + 57. Give k(-39).
96
Let q(v) = -4*v**2 - 53*v - 28. Calculate q(-13).
-15
Let a(j) = -30*j + 103. What is a(3)?
13
Let w(m) = -387*m - 3875. Determine w(-10).
-5
Let k(t) = 709*t - 4238. Give k(6).
16
Let f(m) = -122*m + 543. What is f(5)?
-67
Let h(f) = 19*f**3 + 4*f**2 - 9*f - 13. Give h(-2).
-131
Let v(g) = g**2 - 286*g + 1367. Calculate v(5).
-38
Let g(d) = 15*d - 108. Give g(6).
-18
Let m(s) = 2*s**2 - 25*s - 110. Calculate m(16).
2
Let b(m) = -17*m - 92. What is b(-5)?
-7
Let w(y) = 28*y + 18. Calculate w(11).
326
Let f(c) = 1808*c + 198869. Determine f(-110).
-11
Let z(g) = -94*g + 479. Determine z(5).
9
Let q(c) = -14*c**2 - 1513*c - 148. Calculate q(-108).
-40
Let y(r) = r**3 + 25*r**2 - 1737*r - 67. Determine y(-56).
-11
Let i(h) = 4*h**3 - h**2 - h + 2. What is i(-2)?
-32
Let j(f) = -f**2 - 5*f + 22. What is j(0)?
22
Let i(u) = -2*u**2 + 13*u - 1. Give i(8).
-25
Let d(v) = 7*v**2 - 7*v + 8. Give d(4).
92
Let p(r) = 3*r**3 + 665*r**2 - 192*r + 6652. Determine p(-222).
-8
Let w(h) = -300*h - 18. Give w(1).
-318
Let w(c) = -7*c**2 - 20*c + 1. Give w(-3).
-2
Let m(b) = 212*b - 8294. What is m(39)?
-26
Let b(s) = -2*s**3 + 495*s**2 - 1221*s - 994. Calculate b(245).
-14
Let c(o) = 194*o - 2133. Determine c(11).
1
Let q(i) = 82*i**2 - 704*i - 311. Give q(9).
-5
Let a(p) = -1036*p - 6225. What is a(-6)?
-9
Let n(w) = w - 170. Determine n(0).
-170
Let y(z) = 19*z - 96. Calculate y(9).
75
Let c(i) = i**3 - 4*i**2 - 64*i - 18. Give c(-6).
6
Let j(m) = 83*m + 986. Calculate j(-12).
-10
Let x(i) = -96*i - 214. What is x(-5)?
266
Let k(f) = 2*f**3 + 5*f**2 - 2*f + 45. Give k(-4).
5
Let r(x) = 2*x**2 + 94*x + 205. What is r(-47)?
205
Let p(v) = -2*v**2 - 212*v + 2095. Give p(-115).
25
Let w(l) = -18*l**2 + 357*l + 447. What is w(21)?
6
Let h(d) = d**2 - 72*d + 616. Determine h(58).
-196
Let g(c) = -130*c + 9353. Determine g(72).
-7
Let g(v) = 10*v**2 + 185*v - 129. Give g(-19).
-34
Let h(i) = -i**3 - 6*i**2 + 13*i + 31. Determine h(-5).
-59
Let z(g) = 18*g + 364. Give z(-20).
4
Let l(k) = -k**2 - 53*k - 216. Calculate l(-51).
-114
Let o(c) = -c**3 - 132*c**2 + 268*c + 35. What is o(-134)?
35
Let r(v) = -v**3 + 141*v**2 - 10*v + 1474. Determine r(141).
64
Let c(q) = 62*q + 1259. Give c(-21).
-43
Let n(i) = -2*i**3 + 6*i**2 - 25*i + 41. Give n(2).
-1
Let x(u) = -141*u**2 - 17*u - 17. What is x(-1)?
-141
Let t(l) = 25*l**2 + 5248*l - 416. Calculate t(-210).
4
Let a(b) = 338*b + 9797. Determine a(-29).
-5
Let x(t) = 2*t**3 + 45*t**2 + 48*t - 90. Determine x(-22).
-662
Let c(i)